uppose -r + 14 - 2 = 0. Suppose -4*j - 20 = 0, 2*o + 0*j + j = 3. Calculate the highest common factor of r and o.
4
Suppose 150 = 3*p + 27. Let k = -28 + p. What is the greatest common factor of 91 and k?
13
Let g be 16/(-64) + (-165)/(-4). Suppose 5*z = 4 + g. What is the greatest common divisor of 36 and z?
9
Let b(p) = -p**2 - 8*p - 5. Let v be b(-7). Let t be 0/(-5 - -1) - 5. Let w be 5/t - (-23)/1. Calculate the greatest common factor of w and v.
2
Suppose 2*k + 0 = 42. What is the highest common factor of 3 and k?
3
Let i be 4/(-10) - (-24)/10. Suppose -l - i*l = -5*g - 12, 3*l = 2*g + 21. Let s = -59 + 104. Calculate the greatest common divisor of l and s.
9
Let j be (-77)/44*(-1 - 7). Calculate the greatest common divisor of j and 56.
14
Suppose -5*r + 33 = -32. Let h = -9 + r. Suppose -h*n = -y - 30, -n + 5 + 6 = -2*y. Calculate the highest common divisor of 1 and n.
1
Suppose -x - 3*c = -27, 3*x + c - 37 = 3*c. What is the highest common factor of x and 3?
3
Let f be (-1 + 2)/(5/65). Calculate the greatest common divisor of f and 26.
13
Let j(f) = f**2 - 5*f - 8. Let c be j(7). Let d be c/(4 + -2) + 0. Let o be 0 + 1 + 7 + -5. What is the greatest common divisor of o and d?
3
Let r(b) = -22*b - 15. Let i be r(-6). Calculate the highest common divisor of 13 and i.
13
Suppose -2*t + 52 = -4*j, 5*j = 4*t + 2*j - 94. What is the greatest common divisor of 55 and t?
11
Let d(k) = -k**2 + 14*k - 12. Let r be d(10). Calculate the highest common factor of r and 70.
14
Let u(r) = 32*r - 6. Let f be u(8). Suppose 2*a + a = -3, -5*a = 3*q - f. Let l be 34 - 0*(0 - -1). What is the highest common divisor of q and l?
17
Let f(m) = 2*m - 8. Let z be f(12). Calculate the highest common divisor of z and 96.
16
Let n be (0 - 1)*1*22. Let r = 12 - n. Let v = r + -18. What is the greatest common factor of 128 and v?
16
Suppose -45 = -x - k, 2*x = -2*k - k + 93. Suppose 20*u + 18*u - 532 = 0. What is the greatest common divisor of u and x?
14
Let y be (1 + -1)/2 - -9. Let o be ((-44)/(-6))/(6/y). Let k(q) = 55*q**2 + 2*q + 2. Let v be k(-1). Calculate the greatest common factor of v and o.
11
Suppose -6*s - 5 + 95 = 0. Calculate the highest common divisor of 45 and s.
15
Let b(o) = o**3 - 4*o**2 - 5*o + 4. Suppose 2*k - 2*j - 8 = 0, 3*k + 0*j - 14 = j. Let n be b(k). Let x = n - 0. What is the highest common divisor of x and 20?
4
Suppose 0*a + a = 10. Let v be (-2)/a - (-80)/25. Suppose -v*k + 12 = -15. Calculate the greatest common factor of 18 and k.
9
Let i = -20 + 51. What is the greatest common divisor of 217 and i?
31
Let w(s) = 9*s**2 + 5*s - 8. Let r be w(-5). Calculate the highest common factor of r and 24.
24
Let b be 2/(-9) + 32/(-18). Let x be 2/(-4) - 113/b. Let z be (8/(-2))/((-2)/4). Calculate the highest common divisor of x and z.
8
Suppose -3*z + 64 - 253 = 0. Let g = z - -93. Suppose 102 = 3*c - g. What is the greatest common divisor of c and 22?
22
Let y(b) = -7*b**2 - 4*b - 2. Let a be y(-2). Let x = 67 + a. Calculate the highest common factor of 5 and x.
5
Suppose -w = w - 92. Let p = w + -24. Let t be 128/22 - (-4)/p. What is the greatest common divisor of t and 15?
3
Suppose 0 = -d + o + 7 + 2, 4*o + 32 = 3*d. Suppose -13 = -x - 3*n, 2*x - d*x - 3*n + 35 = 0. What is the highest common factor of 33 and x?
11
Let k = -82 - -113. What is the greatest common divisor of k and 124?
31
Suppose 3*u - 3*a = 174, 2*u - 5*a + 0*a = 119. Suppose 3*p - 104 = -2*y, -4*p - y = -38 - 109. Calculate the highest common divisor of u and p.
19
Suppose 5*y + 17 - 7 = 0. Let f(d) = -2*d**3 - d**2 - d + 2. Let c be f(y). Calculate the highest common divisor of 8 and c.
8
Suppose 5*z - f = -0*z + 359, -5*z = 2*f - 362. Let v = 0 - -2. Suppose -p - 19 = -v*q, 4*p + 23 = q - p. What is the greatest common factor of q and z?
8
Suppose g = -5*j + 25, -5*j - 8*g + 4*g + 25 = 0. Suppose 0*q + 420 = j*q. Suppose -m = -3*m + q. What is the highest common factor of m and 28?
14
Let j(h) = -h + 13. Let u be j(0). Let c = -340 + 147. Let a = c - -284. Calculate the greatest common factor of a and u.
13
Let c(t) = -t + 2. Let w be c(0). Suppose -25 = 3*u - 103. Let q be u - (4 - 2) - w. Calculate the greatest common factor of 33 and q.
11
Suppose -3*h + 186 = -0. Let c be (h/6)/(4/(-12)). Let p = c + 51. Calculate the highest common factor of 5 and p.
5
Let v be -2*-11*3/6. What is the highest common divisor of 1 and v?
1
Suppose 5*v + 6 = 41. Suppose -5*o = 5*h, v*o + 25 = 2*o. Suppose -6*t + 2*t + 28 = -h*g, 0 = 3*t - 2*g - 14. What is the highest common divisor of t and 22?
2
Suppose s = -3*d + 7, 3*s = -d + 6 - 1. Suppose -s = -4*x + 43. What is the highest common divisor of x and 11?
11
Suppose -2*v = -a + 2*v - 2, -3*v - 16 = -2*a. Suppose u - a = 12. Calculate the greatest common factor of u and 52.
26
Suppose r = -v - 2*v + 69, 135 = 2*r + 5*v. What is the greatest common factor of r and 24?
12
Let l = -499 - -914. Suppose 0 = -2*b - 0*b - 10, -3*b = -5*h + l. What is the highest common factor of 10 and h?
10
Suppose -2 = -n - 0*n. Suppose 4*y = -5*k + 67, -2*y + 2*k + 32 = 6*k. What is the greatest common factor of y and n?
2
Let y(s) = 16*s**3 + 2*s**2 - 1. Let o be y(-1). Let v = o + 26. Calculate the greatest common factor of v and 11.
11
Let a(m) = m**2 + 4*m - 2. Let h be a(-5). Let g(r) = -6*r + 1 + r**3 + 4*r**2 + r + r. Let s be g(h). Calculate the greatest common factor of s and 13.
13
Let x = 8 + 8. Suppose 4*h - a - 182 = 2*a, -2*a = 5*h - 216. Suppose -20 = -4*p + h. What is the highest common factor of x and p?
16
Let n(q) = -q + 30. Let x be n(0). What is the greatest common factor of x and 270?
30
Let v be ((-120)/18)/((-4)/54). What is the greatest common divisor of 36 and v?
18
Let n = -1 + 9. Let y be (45/10)/(1/n). Calculate the highest common divisor of 54 and y.
18
Let l(i) = i**3 - 4*i**2 - 4*i - 4. Let s be l(5). Let j = s - -9. Let m be 2/(-2) - 6/(-2). What is the greatest common divisor of j and m?
2
Let o(l) = l**3 + 19*l**2 + 17*l - 11. Let n be o(-18). Calculate the greatest common divisor of 21 and n.
7
Let z(r) = -4. Let b(k) = -k + 9. Let s(u) = -4*b(u) - 9*z(u). Let m be s(11). Suppose -x = -m + 4. What is the highest common factor of 10 and x?
10
Let g = -2 - -6. Suppose -g*j + 4*l + 72 = 5*l, -j + 18 = 2*l. Suppose -j = 4*p - 70. What is the greatest common factor of p and 13?
13
Let x(f) = f**2 + 12*f - 30. Let c be x(-15). Calculate the greatest common factor of c and 6.
3
Let c(v) = -v**2 - 8*v - 3. Suppose 3*x + 13 + 15 = 2*p, -5*p = -10. Let k be c(x). Let h be ((-2)/3)/(2/k). Calculate the greatest common divisor of h and 3.
1
Suppose i - 2 = 2. Suppose -z = -4*n - 3*z + 108, -2*z = -i*n + 108. Suppose 5*q = 3*q + 18. Calculate the highest common divisor of n and q.
9
Let a be 1*(0 - (-1 - 3)). Let v be 2 + (-2)/1 + 0. Suppose 4*h - 2*h - 88 = v. Calculate the highest common divisor of a and h.
4
Suppose 0 = -4*c + 12, 2*c = 4*i - 2*c. Suppose 8 = i*v - 2*y - 24, 3*y = -v + 7. What is the greatest common divisor of 70 and v?
10
Suppose -3*h = -6*h + 42. Suppose -2*w + 4*w + 4*b = 206, b + 115 = w. Let p be (0 - -1) + (w - 0). Calculate the greatest common factor of p and h.
14
Let d = -6 + 8. Suppose 3*k = 44 - d. Calculate the greatest common divisor of 56 and k.
14
Suppose 47 = -3*z + 4*z. Suppose z = 3*g - 73. Calculate the highest common divisor of 8 and g.
8
Let c(f) = f**3 + 8*f**2 + 5*f - 2. Let q be c(-7). What is the highest common factor of q and 4?
4
Let a be (-492)/(-20) + (-3)/5. Suppose 11 + a = 5*w. What is the greatest common factor of w and 14?
7
Let h(n) = 26*n. Let v be h(5). Let j = v - 54. Suppose 76 = 2*z + 2*z. Calculate the greatest common factor of z and j.
19
Let n = 5 + 7. Calculate the highest common factor of n and 48.
12
Let t be ((-70)/(-20))/(1/2). Let f = t + -6. What is the highest common divisor of 9 and f?
1
Suppose -4*j + 25 = -3*p, -3 = -5*p + 2. What is the greatest common factor of 7 and j?
7
Suppose -5*k - b = -277, -4*k = 3*b + 22 - 237. What is the greatest common factor of 7 and k?
7
Suppose 972 = 4*u + 2*u. Let k be ((-18)/(-5))/((-2)/(-10)). What is the greatest common divisor of k and u?
18
Suppose 0 = g - 0*g - 5*n - 25, g = -5*n - 5. What is the highest common d